{"id":451,"date":"2022-11-26T11:19:13","date_gmt":"2022-11-26T10:19:13","guid":{"rendered":"https:\/\/dev.ingegneriagestionale.it\/rsa\/2024\/?page_id=451"},"modified":"2024-03-15T12:54:57","modified_gmt":"2024-03-15T11:54:57","slug":"committees","status":"publish","type":"page","link":"https:\/\/www.ingegneriagestionale.it\/rsa\/2024\/committees\/","title":{"rendered":"Committees"},"content":{"rendered":"<h3>Local Organizing Committee<\/h3>\n<p><strong>Erica Mazzola<\/strong>, Universit\u00e0 degli Studi di Palermo, Chair<br \/>\n<strong>Paolo Roma<\/strong>, Universit\u00e0 degli Studi di Palermo, Chair<br \/>\n<strong>Lorenzo Abbate<\/strong>, Universit\u00e0 degli Studi di Palermo<br \/>\n<strong>Manfredi Bruccoleri<\/strong>, Universit\u00e0 degli Studi di Palermo<br \/>\n<strong>Giovanna Lo Nigro<\/strong>, Universit\u00e0 degli Studi di Palermo<br \/>\n<strong>Giovanni Perrone<\/strong>, Universit\u00e0 degli Studi di Palermo<br \/>\n<strong>Mariangela Piazza<\/strong>, Universit\u00e0 degli Studi di Palermo<\/p>\n<h3>Scientific Committee<\/h3>\n<p><strong>Giuseppe Bruno<\/strong>, Universit\u00e0 degli Studi di Napoli Federico II<br \/>\n<strong>Pamela Danese<\/strong>, Universit\u00e0 degli Studi di Padova<br \/>\n<strong>Federico Frattini<\/strong>, Politecnico di Milano<br \/>\n<strong>Matteo Kalchschmidt<\/strong>, Universit\u00e0 degli Studi di Bergamo<br \/>\n<strong>Raffaella Manzini<\/strong>, LIUC Universit\u00e0 C. Cattaneo<br \/>\n<strong>Erica Mazzola<\/strong>, Universit\u00e0 degli Studi di Palermo<br \/>\n<strong>Fabio Nonino<\/strong>, Sapienza Universit\u00e0 di Roma<br \/>\n<strong>Pierpaolo Pontrandolfo<\/strong>, Politecnico di Bari<br \/>\n<strong>Paolo Roma<\/strong>, Universit\u00e0 degli Studi di Palermo<br \/>\n<strong>Marco Sartor<\/strong>, Universit\u00e0 degli Studi di Udine<br \/>\n<strong>Elisa Ughetto<\/strong>, Politecnico di Torino<\/p>\n","protected":false},"excerpt":{"rendered":"<p>Local Organizing Committee Erica Mazzola, Universit\u00e0 degli Studi di Palermo, Chair Paolo Roma, Universit\u00e0 degli Studi di Palermo, Chair Lorenzo Abbate, Universit\u00e0 degli Studi di Palermo Manfredi Bruccoleri, Universit\u00e0 degli Studi di Palermo Giovanna Lo Nigro, Universit\u00e0 degli Studi di Palermo Giovanni Perrone, Universit\u00e0 degli Studi di Palermo Mariangela Piazza, Universit\u00e0 degli Studi di Palermo [&hellip;]<\/p>\n","protected":false},"author":1,"featured_media":0,"parent":0,"menu_order":0,"comment_status":"closed","ping_status":"closed","template":"","meta":{"footnotes":""},"class_list":["post-451","page","type-page","status-publish","hentry"],"_links":{"self":[{"href":"https:\/\/www.ingegneriagestionale.it\/rsa\/2024\/wp-json\/wp\/v2\/pages\/451","targetHints":{"allow":["GET"]}}],"collection":[{"href":"https:\/\/www.ingegneriagestionale.it\/rsa\/2024\/wp-json\/wp\/v2\/pages"}],"about":[{"href":"https:\/\/www.ingegneriagestionale.it\/rsa\/2024\/wp-json\/wp\/v2\/types\/page"}],"author":[{"embeddable":true,"href":"https:\/\/www.ingegneriagestionale.it\/rsa\/2024\/wp-json\/wp\/v2\/users\/1"}],"replies":[{"embeddable":true,"href":"https:\/\/www.ingegneriagestionale.it\/rsa\/2024\/wp-json\/wp\/v2\/comments?post=451"}],"version-history":[{"count":14,"href":"https:\/\/www.ingegneriagestionale.it\/rsa\/2024\/wp-json\/wp\/v2\/pages\/451\/revisions"}],"predecessor-version":[{"id":708,"href":"https:\/\/www.ingegneriagestionale.it\/rsa\/2024\/wp-json\/wp\/v2\/pages\/451\/revisions\/708"}],"wp:attachment":[{"href":"https:\/\/www.ingegneriagestionale.it\/rsa\/2024\/wp-json\/wp\/v2\/media?parent=451"}],"curies":[{"name":"wp","href":"https:\/\/api.w.org\/{rel}","templated":true}]}}