{"id":451,"date":"2022-11-26T11:19:13","date_gmt":"2022-11-26T10:19:13","guid":{"rendered":"https:\/\/dev.ingegneriagestionale.it\/rsa\/2024\/?page_id=451"},"modified":"2025-03-12T11:51:21","modified_gmt":"2025-03-12T10:51:21","slug":"committees","status":"publish","type":"page","link":"https:\/\/www.ingegneriagestionale.it\/rsa\/2025\/committees\/","title":{"rendered":"Committees"},"content":{"rendered":"<p><strong>SCIENTIFIC COMMITTEE<\/strong><\/p>\n<ul>\n<li>Cinzia Battistella, Universit\u00e0 degli Studi di Udine<\/li>\n<li>Giuseppe Bruno, Universit\u00e0 degli Studi di Napoli Federico II<\/li>\n<li>Raffaella Cagliano, Politecnico di Milano<\/li>\n<li>Pamela Danese, Universit\u00e0 degli Studi di Padova<\/li>\n<li>Federico Frattini, Politecnico di Milano<\/li>\n<li>Giancarlo Giudici, Politecnico di Milano<\/li>\n<li>Federico Munari, Universit\u00e0 Alma Mater di Bologna<\/li>\n<li>Pierpaolo Pontrandolfo, Politecnico di Bari<\/li>\n<li>Paolo Roma, Universit\u00e0 degli Studi di Palermo<\/li>\n<li>Marco Sartor, Universit\u00e0 degli Studi di Udine<\/li>\n<li>Elisa Ughetto, Politecnico di Torino<\/li>\n<\/ul>\n<p>&nbsp;<\/p>\n<p><strong>LOCAL ORGANISING COMMITTEE<\/strong><\/p>\n<ul>\n<li>Cinzia Battistella, Universit\u00e0 degli Studi di Udine,\u00a0<strong>chair<\/strong><\/li>\n<li>Giovanna Culot, Universit\u00e0 degli Studi di Udine<\/li>\n<li>Alberto Felice De Toni, Universit\u00e0 degli Studi di Udine<\/li>\n<li>Francesco Marchiol, ALIg<\/li>\n<li>Guido Nassimbeni, Universit\u00e0 degli Studi di Udine<\/li>\n<li>Pietro Romano, Universit\u00e0 degli Studi di Udine<\/li>\n<li>Marco Sartor, Universit\u00e0 degli Studi di Udine,\u00a0<strong>chair<\/strong><\/li>\n<li>Stefano Tonchia, Universit\u00e0 degli Studi di Udine<\/li>\n<\/ul>\n","protected":false},"excerpt":{"rendered":"<p>SCIENTIFIC COMMITTEE Cinzia Battistella, Universit\u00e0 degli Studi di Udine Giuseppe Bruno, Universit\u00e0 degli Studi di Napoli Federico II Raffaella Cagliano, Politecnico di Milano Pamela Danese, Universit\u00e0 degli Studi di Padova Federico Frattini, Politecnico di Milano Giancarlo Giudici, Politecnico di Milano Federico Munari, Universit\u00e0 Alma Mater di Bologna Pierpaolo Pontrandolfo, Politecnico di Bari Paolo Roma, Universit\u00e0 [&hellip;]<\/p>\n","protected":false},"author":1,"featured_media":0,"parent":0,"menu_order":0,"comment_status":"closed","ping_status":"closed","template":"","meta":{"footnotes":""},"class_list":["post-451","page","type-page","status-publish","hentry"],"_links":{"self":[{"href":"https:\/\/www.ingegneriagestionale.it\/rsa\/2025\/wp-json\/wp\/v2\/pages\/451","targetHints":{"allow":["GET"]}}],"collection":[{"href":"https:\/\/www.ingegneriagestionale.it\/rsa\/2025\/wp-json\/wp\/v2\/pages"}],"about":[{"href":"https:\/\/www.ingegneriagestionale.it\/rsa\/2025\/wp-json\/wp\/v2\/types\/page"}],"author":[{"embeddable":true,"href":"https:\/\/www.ingegneriagestionale.it\/rsa\/2025\/wp-json\/wp\/v2\/users\/1"}],"replies":[{"embeddable":true,"href":"https:\/\/www.ingegneriagestionale.it\/rsa\/2025\/wp-json\/wp\/v2\/comments?post=451"}],"version-history":[{"count":17,"href":"https:\/\/www.ingegneriagestionale.it\/rsa\/2025\/wp-json\/wp\/v2\/pages\/451\/revisions"}],"predecessor-version":[{"id":850,"href":"https:\/\/www.ingegneriagestionale.it\/rsa\/2025\/wp-json\/wp\/v2\/pages\/451\/revisions\/850"}],"wp:attachment":[{"href":"https:\/\/www.ingegneriagestionale.it\/rsa\/2025\/wp-json\/wp\/v2\/media?parent=451"}],"curies":[{"name":"wp","href":"https:\/\/api.w.org\/{rel}","templated":true}]}}